What is the millions digit of 5840722739?
0
What is the hundreds digit of 76705459?
4
What is the ten thousands digit of 1239559548?
5
What is the hundred millions digit of 259880367?
2
What is the hundreds digit of 439932610?
6
What is the hundred millions digit of 114316220?
1
What is the units digit of 1155413603?
3
What is the units digit of 34817884?
4
What is the hundreds digit of 586864721?
7
What is the millions digit of 32193247?
2
What is the tens digit of 3506904894?
9
What is the hundreds digit of 2540608782?
7
What is the ten millions digit of 192504389?
9
What is the thousands digit of 268145184?
5
What is the tens digit of 49941575?
7
What is the ten thousands digit of 555112426?
1
What is the millions digit of 5405744014?
5
What is the thousands digit of 153245464?
5
What is the thousands digit of 6658941330?
1
What is the hundreds digit of 96811419?
4
What is the ten thousands digit of 179002325?
0
What is the hundreds digit of 36467647?
6
What is the millions digit of 56031980?
6
What is the hundred millions digit of 1291165706?
2
What is the hundred millions digit of 1300875668?
3
What is the thousands digit of 284877952?
7
What is the ten millions digit of 539467937?
3
What is the hundred millions digit of 2321619446?
3
What is the millions digit of 4164114150?
4
What is the hundred millions digit of 160454343?
1
What is the tens digit of 152948857?
5
What is the units digit of 27200464?
4
What is the hundreds digit of 2101068319?
3
What is the units digit of 288441373?
3
What is the hundred millions digit of 1590042921?
5
What is the tens digit of 25391036?
3
What is the ten millions digit of 237197618?
3
What is the units digit of 129706043?
3
What is the ten millions digit of 1071454147?
7
What is the units digit of 27551323?
3
What is the hundred millions digit of 6540103520?
5
What is the ten millions digit of 567135097?
6
What is the thousands digit of 1575423805?
3
What is the hundreds digit of 288507467?
4
What is the tens digit of 2524754449?
4
What is the ten millions digit of 156004291?
5
What is the thousands digit of 653416687?
6
What is the millions digit of 391098477?
1
What is the hundred thousands digit of 98418618?
4
What is the thousands digit of 126494915?
4
What is the ten thousands digit of 3277711?
7
What is the units digit of 626017284?
4
What is the hundred millions digit of 108387385?
1
What is the thousands digit of 55520318?
0
What is the hundreds digit of 1018162924?
9
What is the hundred thousands digit of 2594167288?
1
What is the tens digit of 3131226493?
9
What is the units digit of 968617054?
4
What is the ten millions digit of 91460957?
9
What is the ten millions digit of 1654523247?
5
What is the hundreds digit of 1771545282?
2
What is the thousands digit of 293205179?
5
What is the hundred thousands digit of 141306739?
3
What is the thousands digit of 81130131?
0
What is the tens digit of 99640189?
8
What is the hundreds digit of 4740054206?
2
What is the thousands digit of 517575258?
5
What is the units digit of 12116122?
2
What is the units digit of 694050498?
8
What is the hundred thousands digit of 220014?
2
What is the units digit of 82195990?
0
What is the tens digit of 296627379?
7
What is the ten millions digit of 18034363?
1
What is the units digit of 411763115?
5
What is the ten thousands digit of 51591729?
9
What is the hundred thousands digit of 32959776?
9
What is the hundred millions digit of 1424101536?
4
What is the hundred millions digit of 207190457?
2
What is the hundreds digit of 259233316?
3
What is the units digit of 157310713?
3
What is the thousands digit of 395561773?
1
What is the billions digit of 8735558558?
8
What is the hundreds digit of 83390658?
6
What is the hundred thousands digit of 109849964?
8
What is the ten thousands digit of 93856907?
5
What is the ten millions digit of 307025083?
0
What is the tens digit of 248277492?
9
What is the hundreds digit of 931532635?
6
What is the hundreds digit of 152739165?
1
What is the ten millions digit of 23719649?
2
What is the millions digit of 162711929?
2
What is the units digit of 188864527?
7
What is the hundred thousands digit of 465994624?
9
What is the thousands digit of 130803736?
3
What is the units digit of 2028104580?
0
What is the millions digit of 725106088?
5
What is the thousands digit of 20194256?
4
What is the hundred thousands digit of 38987383?
9
What is the units digit of 591562243?
3
What is the millions digit of 1067119486?
7
What is the ten thousands digit of 53175134?
7
What is the thousands digit of 56589234?
9
What is the hundreds digit of 43697275?
2
What is the tens digit of 581932769?
6
What is the ten thousands digit of 573503115?
0
What is the millions digit of 1301371940?
1
What is the tens digit of 1355286702?
0
What is the ten thousands digit of 141332997?
3
What is the ten thousands digit of 60632443?
3
What is the ten thousands digit of 1243989200?
8
What is the hundred thousands digit of 137207446?
2
What is the units digit of 82872235?
5
What is the ten millions digit of 994187234?
9
What is the ten thousands digit of 21524461?
2
What is the millions digit of 303284341?
3
What is the thousands digit of 53476187?
6
What is the tens digit of 271097934?
3
What is the ten thousands digit of 1801735913?
3
What is the ten thousands digit of 119331897?
3
What is the ten millions digit of 1014631146?
1
What is the ten thousands digit of 1749552303?
5
What is the ten thousands digit of 1196556891?
5
What is the hundred millions digit of 3198825903?
1
What is the units digit of 656725247?
7
What is the units digit of 10959876?
6
What is the hundred thousands digit of 547652198?
6
What is the hundred thousands digit of 591636449?
6
What is the units digit of 29768117?
7
What is the ten thousands digit of 1626515136?
1
What is the millions digit of 7325891?
7
What is the units digit of 5771702?
2
What is the hundreds digit of 161439790?
7
What is the hundred thousands digit of 75161815?
1
What is the hundred thousands digit of 37775551?
7
What is the ten thousands digit of 3400075?
0
What is the units digit of 229500103?
3
What is the thousands digit of 5206658187?
8
What is the ten thousands digit of 330283637?
8
What is the millions digit of 166643880?
6
What is the units digit of 1261709224?
4
What is the units digit of 97156763?
3
What is the hundreds digit of 2558851083?
0
What is the ten thousands digit of 211709646?
0
What is the ten millions digit of 46389906?
4
What is the hundred thousands digit of 510536931?
5
What is the hundred millions digit of 818498056?
8
What is the millions digit of 4420948?
4
What is the millions digit of 612858868?
2
What is the millions digit of 70981079?
0
What is the thousands digit of 51739683?
9
What is the hundreds digit of 347564224?
2
What is the units digit of 22671838?
8
What is the hundred millions digit of 216944978?
2
What is the tens digit of 1596848879?
7
What is the ten thousands digit of 39690999?
9
What is the ten thousands digit of 15737793?
3
What is the tens digit of 1274229094?
9
What is the tens digit of 59927366?
6
What is the ten millions digit of 160128662?
6
What is the hundred thousands digit of 175456604?
4
What is the units digit of 90871852?
2
What is the ten millions digit of 1299926048?
9
What is the hundred thousands digit of 8153570?
1
What is the thousands digit of 1301767399?
7
What is the ten millions digit of 199591312?
9
What is the units digit of 12459348?
8
What is the millions digit of 377231039?
7
What is the hundreds digit of 1484717309?
3
What is the millions digit of 1977943550?
7
What is the thousands digit of 40851603?
1
What is the hundred thousands digit of 852005067?
0
What is the millions digit of 1888438006?
8
What is the thousands digit of 237289612?
9
What is the units digit of 105079195?
5
What is the hundred millions digit of 1621630711?
6
What is the units digit of 1818637156?
6
What is the units digit of 1619193787?
7
What is the ten thousands digit of 2589463001?
6
What is the ten millions digit of 15929616?
1
What is the hundred thousands digit of 1092289098?
2
What is the tens digit of 4893947283?
8
What is the tens digit of 64834231?
3
What is the hundreds digit of 2085216277?
2
What